31900 a multiple of 25?
True
Is 144126 a multiple of 33?
False
Does 172 divide 30272?
True
Is 233 a factor of 1016812?
True
Does 25 divide 599175?
True
Is 258338 a multiple of 59?
False
Is 12658237 a multiple of 46?
False
Does 71 divide 107320?
False
Is 84170 a multiple of 19?
True
Is 260782 a multiple of 85?
False
Is 26786 a multiple of 24?
False
Does 340 divide 165151?
False
Is 137 a factor of 15164256?
True
Is 65 a factor of 5455184?
False
Is 854 a factor of 3527874?
True
Is 232408 a multiple of 29?
False
Is 667 a factor of 253460?
True
Does 117 divide 1385748?
True
Is 205820 a multiple of 41?
True
Is 58 a factor of 1090400?
True
Is 13022 a multiple of 12?
False
Is 24 a factor of 405901?
False
Is 2 a factor of 25227?
False
Is 2088208 a multiple of 59?
False
Is 17818 a multiple of 151?
True
Is 244 a factor of 4902204?
True
Does 187 divide 12297120?
True
Is 703032 a multiple of 88?
True
Does 102 divide 2185680?
False
Does 7 divide 209114?
False
Does 5 divide 1169630?
True
Is 33 a factor of 3476571?
False
Is 27 a factor of 392635?
False
Is 13089454 a multiple of 9?
False
Is 696564 a multiple of 467?
False
Is 14 a factor of 1879833?
False
Is 485100 a multiple of 10?
True
Is 194 a factor of 1415744?
False
Is 9 a factor of 130113?
True
Is 226 a factor of 1081056?
False
Does 37 divide 386206?
True
Is 92 a factor of 196372?
False
Is 9 a factor of 12225?
False
Does 13 divide 8047129?
False
Is 34246 a multiple of 203?
False
Is 36694 a multiple of 2?
True
Is 15 a factor of 218385?
True
Is 960116 a multiple of 2?
True
Does 140 divide 10028620?
True
Does 371 divide 246444?
False
Does 34 divide 432799?
False
Is 375 a factor of 1407175?
False
Is 13 a factor of 24769?
False
Is 679 a factor of 951838?
False
Is 565175 a multiple of 65?
True
Is 2306808 a multiple of 92?
True
Does 102 divide 1760418?
True
Is 41 a factor of 2883448?
True
Is 275386 a multiple of 64?
False
Is 32 a factor of 224481?
False
Does 9 divide 1623378?
False
Does 19 divide 13764373?
False
Is 9 a factor of 3111238?
False
Is 3074612 a multiple of 85?
False
Does 8 divide 9100736?
True
Is 155 a factor of 156705?
True
Does 41 divide 271226?
False
Is 3049016 a multiple of 47?
False
Is 43200 a multiple of 45?
True
Is 8 a factor of 424453?
False
Is 40 a factor of 1916280?
True
Is 872561 a multiple of 53?
False
Does 39 divide 133854?
False
Is 52 a factor of 3330?
False
Is 301692 a multiple of 4?
True
Does 353 divide 80131?
True
Is 10874 a multiple of 6?
False
Is 160909 a multiple of 16?
False
Is 7 a factor of 9447445?
True
Does 88 divide 8090402?
False
Does 170 divide 57290?
True
Is 12 a factor of 56813?
False
Is 333 a factor of 7633?
False
Is 223090 a multiple of 70?
True
Is 233 a factor of 4278812?
True
Does 8 divide 3765192?
True
Is 3424503 a multiple of 140?
False
Is 17 a factor of 6895965?
True
Does 8 divide 33338?
False
Is 475599 a multiple of 8?
False
Does 74 divide 22126?
True
Does 206 divide 1126196?
False
Is 49 a factor of 6713?
True
Is 453 a factor of 217893?
True
Is 7 a factor of 482769?
True
Is 238 a factor of 680918?
True
Is 675305 a multiple of 19?
False
Is 3 a factor of 23412?
True
Is 1405152 a multiple of 369?
True
Is 279589 a multiple of 2?
False
Is 139695 a multiple of 67?
True
Is 189107 a multiple of 269?
True
Is 57475 a multiple of 7?
False
Is 274 a factor of 347432?
True
Is 221328 a multiple of 6?
True
Is 30 a factor of 468040?
False
Is 376715 a multiple of 59?
True
Is 5 a factor of 688398?
False
Does 69 divide 221007?
True
Is 11 a factor of 42900?
True
Is 227 a factor of 1184940?
True
Does 188 divide 360249?
False
Is 71502 a multiple of 469?
False
Is 102141 a multiple of 97?
True
Is 1019707 a multiple of 13?
True
Does 60 divide 88989?
False
Is 1049796 a multiple of 68?
False
Is 205 a factor of 407085?
False
Is 5927016 a multiple of 796?
True
Is 124 a factor of 194750?
False
Is 17 a factor of 329766?
True
Is 1247635 a multiple of 12?
False
Is 22 a factor of 287892?
True
Is 125 a factor of 343500?
True
Is 6973 a multiple of 9?
False
Does 2 divide 16715?
False
Does 77 divide 282205?
True
Is 105242 a multiple of 585?
False
Does 17 divide 428315?
True
Is 19117805 a multiple of 7?
True
Is 50410 a multiple of 109?
False
Does 232 divide 173072?
True
Is 2436906 a multiple of 215?
False
Does 44 divide 3681123?
False
Is 2285415 a multiple of 27?
True
Is 116 a factor of 24866?
False
Does 1007 divide 15685032?
True
Is 155 a factor of 544517?
False
Does 1310 divide 5690898?
False
Is 7 a factor of 17111654?
True
Does 9 divide 303192?
True
Does 5 divide 8850?
True
Does 100 divide 357518?
False
Does 974 divide 1886620?
False
Does 153 divide 2633742?
True
Is 219708 a multiple of 27?
False
Is 216 a factor of 10584?
True
Does 496 divide 727369?
False
Is 275 a factor of 8525?
True
Does 58 divide 1469704?
False
Is 4 a factor of 196842?
False
Does 22 divide 331411?
False
Is 446780 a multiple of 5?
True
Does 7 divide 87734?
False
Is 86 a factor of 197714?
True
Does 30 divide 3736?
False
Does 1053 divide 6622317?
True
Is 420 a factor of 532567?
False
Is 2145801 a multiple of 5?
False
Is 13 a factor of 2881333?
True
Is 472 a factor of 372408?
True
Does 20 divide 447864?
False
Is 2248927 a multiple of 185?
False
Is 23 a factor of 1792316?
False
Does 6 divide 1459395?
False
Is 50 a factor of 1195269?
False
Is 2256074 a multiple of 251?
False
Is 272625 a multiple of 375?
True
Does 202 divide 1857291?
False
Does 507 divide 179370?
False
Is 39 a factor of 15358318?
False
Does 12 divide 14484?
True
Is 141 a factor of 21576?
False
Is 25783 a multiple of 113?
False
Is 14 a factor of 11390830?
False
Does 1083 divide 12392769?
True
Does 30 divide 326514?
False
Is 9 a factor of 505098?
True
Is 101184 a multiple of 322?
False
Does 196 divide 345594?
False
Does 235 divide 1065960?
True
Is 125 a factor of 6886125?
True
Does 29 divide 105291?
False
Is 16 a factor of 43805?
False
Does 7 divide 269202?
False
Is 2544285 a multiple of 28?
False
Is 74 a factor of 2860396?
True
Does 20 divide 5948980?
True
Is 3230 a multiple of 2?
True
Is 10912759 a multiple of 9?
False
Does 626 divide 356820?
True
Is 613 a factor of 2422576?
True
Does 72 divide 5500728?
True
Does 2 divide 4245?
False
Is 28 a factor of 78322?
False
Is 25 a factor of 1358225?
True
Is 6 a factor of 67993?
False
Is 186487 a multiple of 3?
False
Does 482 divide 386639?
False
Is 64177 a multiple of 29?
True
Is 11292765 a multiple of 267?
True
Is 7413762 a multiple of 38?
True
Is 666 a factor of 7184808?
True
Is 142 a factor of 52762?
False
Is 13264 even?
True
Does 96 divide 15544608?
True
Does 126 divide 721098?
True
Does 50 divide 10359350?
True
Is 7 a factor of 2256751?
True
Is 157626 a multiple of 821?
False
Is 217144 a multiple of 45?
False
Is 13686219 a multiple of 27?
True
Is 212290 a multiple of 152?
False
Is 857551 a multiple of 62?
False
Is 91 a factor of 10640994?
True
Is 338220 a multiple of 5?
True
Is 115 a factor of 42435?
True
Is 5715043 a multiple of 855?
False
Is 331669 a multiple of 14?
False
Is 212157 a multiple of 979?
False
Is 28054 a multiple of 83?
True
Is 574 a factor of 2310008?
False
Is 86408 a multiple of 7?
True
Does 534 divide 4458366?
True
Is 268019 a multiple of 23?
True
Is 1650999 a multiple of 29?
True
Is 7 a factor of 21572?
False
Does 493 divide 1042405?
False
Does 7 divide 34244?
True
Is 47 a factor of 8444302?
True
Is 35 a factor of 953225?
True
Is 14228 a multiple of 3?
False
Is 403975 a multiple of 3?
False
Does 5 divide 2485165?
True
Is 50 a factor of 176700?
True
Does 64 divide 737088?
True
Is 831 a factor of 5876898?
False
Is 8480 a multiple of 53?
True
Is 41 a factor of 453187?
False
Is 150 a factor of 9043938?
False
Does 117 divide 2764476?
True
Is 5 a factor of 31880?
True
Is 132111 a multiple of 7?
True
Does 38 divide 102970?
False
Is 8523875 a multiple of 200?
False
Does 73 divide 129867?
True
Is 166272 a multiple of 64?
True
Does 197 divide 375285?
True
Does 3 divide 31065?
True
Does 15 divide 2741632?
False
Is 1751725 a multiple of 41?
True
Does 65 divide 135436?
False
Is 22 a factor of 1084908?
True
Is 164121 a multiple of 325?
False
Is 34 a factor of 439496?
False
Is 68 a factor of 58746?
False
Is 95550 a multiple of 325?
True
Is 1821 a factor of 5890212?
False
Is 105 a factor of 10130235?
False
Does 7 di